me number?
True
Let z be 10/(-35) - 24/14. Is z - (9/(-3) + -12) a prime number?
True
Suppose 3*a + 302 = 5*l - a, 2*a - 284 = -5*l. Is -1*(-4)/4 + l prime?
True
Let g be ((-12)/(-10))/(30/100). Let j = -2 + g. Suppose 5*n + j*s = 18, 2*n + 2*n = -4*s + 24. Is n composite?
False
Suppose 895 = 6*r - r. Is r composite?
False
Let b = 394 - 209. Is b a composite number?
True
Suppose 0*u - 3*u = -102. Suppose -u = -b + 19. Is b a composite number?
False
Let v = 6 + -4. Is (-118)/(-1 + 1 - v) composite?
False
Let l = -57 - 25. Let a = -47 - l. Is a a composite number?
True
Let h = -6 + 8. Is (4 - 27)/(h - 3) composite?
False
Let a(y) = -y**3 + y**2 + 8*y - 7. Is a(-7) a prime number?
False
Suppose 0 = -2*j + 10 - 2. Suppose 29 = j*z - 15. Is z prime?
True
Let h(g) = g**2 - g + 2. Let a be h(0). Suppose 0 = -0*t + t. Suppose t = 4*i + 16, 2*k + a*i + 60 = 6*k. Is k a prime number?
True
Is (0 + 358)*(-140)/(-40) prime?
False
Let t(l) = 12*l**2 + 2*l - 1. Is t(-5) prime?
False
Let x(j) = 2*j**2 - 10*j + 9. Let y(b) = -b**2 + 5*b - 5. Let o(n) = -2*x(n) - 5*y(n). Suppose 3*k - 10 = 8. Is o(k) composite?
False
Let z(d) = -5*d**2 + d - 21. Let q(c) = -2*c**2 + c - 10. Let r(h) = 7*q(h) - 3*z(h). Is r(-7) a prime number?
False
Let t(z) = -z**3 + 6*z**2 + 6*z + 6. Is t(-5) a prime number?
True
Is 2*((-1940)/(-8) - 3) prime?
True
Suppose 5*p - 3113 = 252. Is p prime?
True
Let a(b) = 4*b**3 + b**2 - 2*b + 1. Let c be a(1). Suppose 0 = 3*y - c*y + 55. Is y a prime number?
False
Let y = 5 + 0. Suppose 0 = -0*q - y*q + 575. Is q composite?
True
Let c be 6*-27*3/2. Is c/(-3) + 4 + -3 prime?
False
Suppose -3*l - 3*h + 42 = 0, -h + 0*h - 54 = -3*l. Let z = l + 30. Is z composite?
False
Let l(c) = -64*c - 4. Let i be l(4). Let s = -77 + -70. Let f = s - i. Is f a composite number?
False
Let q(g) = 28*g**3 + g. Let n be -3*((-2)/3 + 0). Let i be q(n). Suppose -2*d - 58 + i = 5*r, 0 = 2*r - 4*d - 72. Is r composite?
True
Suppose s + 2*s = 105. Suppose -v - s = -2*v - 2*d, 2*v - 3*d - 56 = 0. Is v composite?
False
Suppose -3 = -2*g + 1. Let k be (-66)/(-9) + g/3. Let a(z) = 13*z - 7. Is a(k) a prime number?
True
Suppose 0 = -j + s + 15 + 12, 2*j = -5*s + 19. Suppose -2*v + 0*v + j = 0. Is v composite?
False
Suppose -5*m - d + 4*d = -2620, 3*m + d - 1558 = 0. Is m composite?
False
Let p(i) = -i + 13. Let t be p(7). Suppose t*b - 7*b = -413. Is b prime?
False
Let r = 259 - -249. Suppose 5*b - r = b. Is b composite?
False
Is 1 + 0 + (-1140)/(-3) prime?
False
Let p = 9 + -6. Suppose -p*i = 265 - 1222. Is i a prime number?
False
Suppose -7*h - 1275 + 5692 = 0. Is h prime?
True
Let s be (-4)/22 + 1716/121. Suppose 0 = -a + t + 73, -2*a + t + 140 = -3*t. Suppose -s = -o - j, -a = o - 6*o + j. Is o prime?
False
Suppose -5*a + 3*r = -742, 3*a = 4*r + 467 - 13. Let c = -55 + a. Is c a composite number?
True
Suppose 2*x - 14*x = -9528. Is x prime?
False
Suppose 4*l - 5*a - 183 = 0, 3*l - 183 + 38 = -4*a. Is (l/(-2))/(3/(-6)) composite?
False
Let t = 1 + -1. Suppose -a = 3*s - 347, t = 3*s - s - a - 228. Is s composite?
True
Let s(f) = f**2 - 20*f + 4. Is s(-19) composite?
True
Let x be (-1)/((-2)/1334) - 4. Suppose -x - 77 = -4*f. Is f prime?
False
Is 47*6/((-18)/(-15)) a composite number?
True
Is (-9413)/(-3) - (-8)/(-12) prime?
True
Suppose -3*c + 473 = v + c, 4*c = -3*v + 1435. Is v composite?
True
Suppose 0 = 3*k + p + 9, -3*k + p = -2 + 5. Let t be k + (2 + -6)*-1. Is -3 + t - -1 - -4 prime?
False
Let j(l) = -3*l**2 + 2*l**3 - 2*l - 6 + l - 3*l**3. Let i = -17 - -12. Is j(i) a composite number?
True
Suppose 7 = 4*l - 9. Let k be 4/(-4) - (1 - 8). Is (k/l)/(6/188) prime?
True
Let r(m) = -16*m**3 - m**2 + 2*m + 3. Is r(-2) a prime number?
False
Let l be 0/2 + -1*3. Let i(w) = w**3 + w**2 + w + 1. Let r(m) = -5*m**3 - 3*m**2 - 9*m - 6. Let p(q) = 6*i(q) + r(q). Is p(l) a prime number?
False
Suppose 0 = 4*t - 5*f - 5353, -3*t = -2*f - 2*f - 4015. Is t a prime number?
False
Let y(v) = -10*v - 3. Let o be y(-5). Let n = o + 213. Suppose 2*l - z - n = -2*l, 2*l + 2*z = 130. Is l prime?
False
Suppose 969 = 5*q - 2236. Is q prime?
True
Let n = 2305 - 1185. Let y = -305 + n. Suppose -y = -5*k - 10. Is k composite?
True
Suppose -3070 = 19*t - 21*t. Is t prime?
False
Suppose -4*s - 7 = -3*q, 6*q = 3*q - 2*s + 19. Suppose -q*p = 3*j - 181, 136 = -0*p + 4*p - 2*j. Let b = p - 14. Is b prime?
False
Is 1*-4 - (-408 - 3) composite?
True
Is (-1811)/(-4) - 4/(-16) a prime number?
False
Suppose 0 = 5*h - 3*y - 287, 0 = 3*h - 4*y - 27 - 143. Suppose 0 = -p + h + 1. Is p prime?
True
Suppose -2*o + 3*x + 206 = 0, -3*o + 3*x = -290 - 25. Is o a composite number?
False
Suppose -5*f + 855 = 3*c - 827, f - 338 = c. Is f prime?
True
Suppose -2*w + 5*w + l = 5, l = 5*w - 11. Suppose -w*b - 3 = p, -2*p + 5*b = p - 35. Suppose -2*u - 43 = 4*i - 319, -p*i - 3*u = -347. Is i prime?
True
Let g(k) = 7*k**3 + 11*k**2 + 11*k - 1. Let i(r) = -10*r**3 - 16*r**2 - 16*r + 1. Let c(l) = 7*g(l) + 5*i(l). Let s be c(-4). Let t = s + -15. Is t prime?
True
Suppose 3*u = 2*g - 19, -2*g + 18 = -4*u - 3*g. Is u/15 + 956/6 a prime number?
False
Let k(d) = 341*d**3 - d**2 + 2*d - 1. Is k(1) a prime number?
False
Let i = 127 + -48. Is (4 + -3)/(1/i) a prime number?
True
Let b be ((-3)/(-9))/(2/174). Suppose 0 = -2*v - b - 95. Let a = 27 - v. Is a a prime number?
True
Let b(r) = -r**3 + 2 + 6*r + 3*r**2 + r**2 + 0. Let g be b(5). Let j(a) = a**3 - 7*a**2 + 5*a + 4. Is j(g) prime?
False
Let k(f) = -210*f + 1. Suppose 0 = -t + 2*t + 1. Is k(t) a prime number?
True
Let a be 5 + -3 + 1 + -3. Let o be -1*(46 + 3 - a). Let r = o + 134. Is r prime?
False
Let g = -595 + 846. Is g a composite number?
False
Is -3 + 2 + -2 + 6 + 740 composite?
False
Let n(x) = 7*x**2 + 17*x + 17. Is n(-12) prime?
True
Let o(y) be the first derivative of -y**4/4 + 10*y**3/3 + 11*y**2/2 + 11*y + 2. Let g be o(11). Let j = 36 + g. Is j composite?
False
Let f(x) = x**2 + 8*x + 1. Let v be f(-9). Suppose -3*p + 0*g - 2 = g, 2*p - 5*g - v = 0. Suppose 5*s - 51 - 79 = p. Is s composite?
True
Suppose -2*k - 189 = -3173. Suppose -145 + k = 3*w. Is w composite?
False
Let u = -1695 + 2648. Is u prime?
True
Suppose -30 = 5*w - 2*s - 0*s, w - 4*s = 12. Let y(m) = -m - 9 + 97*m**2 + 0*m**3 - 87*m**2 + m**3. Is y(w) a composite number?
False
Let r(f) = -f**3 - 5*f**2 + 2. Let v be r(-5). Is (5 - v - 2)*337 a prime number?
True
Let x be 260/(-15) + 4/(-6). Let p = 5 - x. Let v = 76 - p. Is v a prime number?
True
Let z = 1 - 2. Let j = 1 - z. Suppose 5*s - 20 = -j*h, -3*s + 0*s + 3*h + 33 = 0. Is s a prime number?
False
Let u be ((-2)/(-4))/(3/18). Suppose -5*q + 15 = 0, 133 = -3*d + u*q - 116. Let w = d + 115. Is w a prime number?
False
Suppose 0 = -2*v + 9 + 273. Is v a prime number?
False
Let b = -4 + 12. Is 116 + b + (2 - -1) a composite number?
False
Let d(n) = 4*n + 1. Let s be d(-2). Let v(g) = g + 2. Let h be v(s). Is 5/h*(-20 - -1) a prime number?
True
Let s(x) = 3*x**2 + 3*x - 3. Let y = -4 - -7. Is s(y) a prime number?
False
Let y(d) = -3*d**3 - 3 - 4*d**2 - 2 + 0*d**2 - 3*d + 2. Is y(-3) a composite number?
True
Suppose 0*p + p = 0. Suppose -3*i = -2*o + o + 182, 2*o + 5*i - 397 = p. Is o prime?
True
Let q be 1/(-3) - (-20)/6. Suppose -5*t = -2*n - 37 - 26, q*t + n - 40 = 0. Is t prime?
True
Suppose 9*c - 20 = 4*c. Suppose -5*o = -2*u + 238, 12 + 404 = c*u + 5*o. Is u a prime number?
True
Let p = 5 + 0. Let j(c) = 36*c - 4. Let n be j(p). Suppose -4*o + n = -92. Is o a prime number?
True
Suppose 3*z - 29 = 262. Is z prime?
True
Suppose 4*h + 419 = -v + 2*v, -4*h = 4*v - 1636. Is v a composite number?
True
Suppose -5*l = -552 - 1233. Let c = l - 194. Is c composite?
False
Suppose -20*l + 19591 = -7*l. Is l prime?
False
Let z(p) = -8*p - 13. Let b(f) = f**2 - 6*f - 4. Let v be b(5). Is z(v) a composite number?
False
Let c(f) = -26*f - 3. Is c(-5) composite?
False
Let v = 3351 + -1949. Is v a composite number?
True
Let l = -22 + 34. Suppose 4*b - l = 4*t, 3*b + 2*t = t + 17. Suppose -b*z + 95 = -k, 2*z - 3*k + 95 = 7*z. Is z a prime number?
True
Suppose 0 = 7*p - 13*p + 396. Let r = -79 + 178. Let f = r - p. Is f composite?
True
Let u(x) = -x**3 + 11*x**2 - x - 4. Is u(9) composite?
False
Let u = 0 + 2. Let h be (-42)/(-9) - u/3. Suppose -27 + 412 = 3*x - s